t common divisor of 4522 and 1862.
266
Calculate the greatest common factor of 2019 and 128543.
673
Calculate the highest common factor of 188067 and 17589.
1353
What is the highest common factor of 73 and 1264141?
73
Calculate the greatest common factor of 353107 and 17.
17
Calculate the greatest common divisor of 139 and 784933.
139
Calculate the highest common divisor of 96 and 62528.
32
Calculate the highest common divisor of 6889000 and 2656.
664
What is the highest common factor of 21546 and 33453?
567
What is the highest common factor of 111541 and 71?
71
What is the highest common factor of 40 and 2844890?
10
What is the greatest common divisor of 3472377 and 1695?
339
Calculate the greatest common factor of 916 and 99615.
229
Calculate the greatest common factor of 90 and 255600.
90
What is the highest common factor of 976 and 539972?
244
What is the greatest common factor of 349 and 5859361?
349
What is the greatest common divisor of 9 and 3219525?
9
Calculate the highest common divisor of 61226 and 690.
46
What is the highest common divisor of 10352 and 88?
8
What is the highest common factor of 1633 and 284?
71
What is the highest common factor of 350355 and 15?
15
What is the greatest common factor of 8400 and 99925?
175
What is the highest common factor of 9090 and 2?
2
Calculate the greatest common factor of 9950 and 75.
25
What is the greatest common factor of 820 and 25780?
20
Calculate the highest common factor of 123 and 22591.
41
Calculate the highest common factor of 4512 and 3243.
141
What is the highest common factor of 270 and 8380?
10
What is the greatest common factor of 74782 and 8608?
538
Calculate the highest common divisor of 3 and 267576.
3
What is the highest common factor of 607956 and 42?
6
What is the greatest common factor of 3880 and 18440?
40
Calculate the greatest common divisor of 13113 and 1953.
279
Calculate the highest common factor of 54 and 17001.
9
What is the greatest common divisor of 7223 and 155?
31
Calculate the highest common factor of 20196 and 1700.
68
What is the highest common divisor of 78 and 765?
3
Calculate the highest common divisor of 179691 and 267.
267
What is the greatest common divisor of 315 and 26586?
63
Calculate the greatest common factor of 36954 and 1998.
18
Calculate the greatest common factor of 4982 and 96914.
94
What is the highest common divisor of 256 and 562048?
128
What is the greatest common factor of 1785582 and 874?
874
Calculate the highest common divisor of 16 and 584432.
16
What is the highest common factor of 2817 and 1278?
9
Calculate the highest common factor of 1384 and 1676.
4
What is the greatest common factor of 11231 and 458429?
1021
Calculate the greatest common factor of 4556 and 8.
4
What is the highest common factor of 3277 and 226?
113
What is the highest common factor of 13806 and 6318?
234
What is the greatest common factor of 3534 and 2542?
62
Calculate the highest common divisor of 108 and 275580.
36
What is the highest common divisor of 310373 and 47369?
707
What is the highest common factor of 14448505 and 235?
235
Calculate the highest common divisor of 842 and 7.
1
Calculate the highest common divisor of 689 and 1074151.
689
What is the greatest common factor of 1156 and 4573?
17
Calculate the highest common factor of 31975 and 635663.
1279
Calculate the highest common factor of 905 and 3865255.
905
Calculate the highest common divisor of 145488 and 6288.
48
What is the highest common factor of 768 and 136032?
96
Calculate the greatest common divisor of 81 and 3354129.
81
Calculate the greatest common divisor of 636 and 13884.
12
What is the greatest common factor of 11 and 68893?
11
Calculate the highest common divisor of 150872 and 32.
8
What is the highest common divisor of 10397 and 38497?
281
What is the highest common factor of 78192 and 81?
27
What is the greatest common divisor of 309 and 40273?
103
What is the greatest common factor of 99 and 30447?
9
Calculate the highest common divisor of 4136 and 7708.
188
Calculate the greatest common factor of 40 and 344.
8
Calculate the greatest common factor of 123280 and 603.
67
What is the greatest common factor of 53835 and 142080?
555
What is the greatest common factor of 16416 and 259065?
513
Calculate the greatest common divisor of 599456 and 13.
13
Calculate the greatest common divisor of 195636 and 96.
12
What is the highest common factor of 77859 and 556407?
1899
Calculate the greatest common factor of 159 and 371.
53
What is the highest common factor of 22143 and 793?
61
What is the highest common divisor of 369940 and 11660?
1060
Calculate the greatest common factor of 119 and 19068917.
119
What is the greatest common factor of 128 and 452864?
128
What is the greatest common divisor of 3616 and 203174?
226
What is the highest common divisor of 163 and 1167080?
163
What is the highest common divisor of 72 and 4195704?
24
Calculate the highest common divisor of 31310 and 44440.
1010
What is the greatest common divisor of 30654 and 28899?
117
What is the highest common factor of 2124 and 8244?
36
What is the greatest common factor of 7081 and 8633?
97
What is the highest common factor of 315 and 6660?
45
What is the highest common divisor of 18 and 106686?
18
Calculate the greatest common divisor of 608 and 222752.
32
What is the greatest common divisor of 106198 and 1682?
58
What is the greatest common factor of 828 and 15249?
69
What is the highest common divisor of 4340 and 52235?
155
Calculate the greatest common factor of 1677792 and 192.
96
Calculate the highest common divisor of 591 and 3589143.
591
Calculate the greatest common divisor of 234 and 43137.
9
What is the highest common divisor of 932283 and 43?
43
Calculate the greatest common factor of 260 and 158.
2
Calculate the highest common factor of 13 and 71773.
13
What is the highest common factor of 148 and 668?
4
Calculate the highest common divisor of 6018 and 103722.
354
What is the highest common divisor of 297705 and 892?
223
Calculate the highest common factor of 64 and 12148.
4
Calculate the highest common divisor of 39 and 115797.
3
What is the greatest common divisor of 11952 and 21312?
144
Calculate the greatest common divisor of 69908 and 40.
4
Calculate the highest common divisor of 18683 and 628.
157
What is the highest common divisor of 18120 and 762248?
1208
What is the highest common factor of 506 and 18814?
46
What is the greatest common divisor of 3305 and 1250?
5
What is the greatest common factor of 7385 and 6119?
211
Calculate the greatest common factor of 132 and 574684.
44
What is the highest common factor of 1300 and 257725?
325
What is the highest common factor of 318 and 74624?
106
What is the highest common factor of 37470 and 210?
30
What is the highest common factor of 181170 and 22770?
990
What is the highest common divisor of 876 and 207028?
292
Calculate the highest common factor of 260611 and 52.
13
Calculate the greatest common divisor of 224 and 1580096.
224
Calculate the highest common divisor of 42784 and 2128.
112
Calculate the greatest common factor of 814 and 21494.
22
What is the highest common divisor of 6 and 9318?
6
What is the greatest common factor of 366 and 1002?
6
Calculate the greatest common factor of 56 and 88.
8
What is the highest common factor of 2303889 and 651?
651
Calculate the highest common factor of 3970 and 300.
10
What is the greatest common factor of 11713 and 3?
1
Calculate the greatest common factor of 94 and 562.
2
What is the greatest common factor of 356 and 1418660?
356
Calculate the highest common factor of 202 and 65347.
101
What is the greatest common factor of 58014 and 11?
11
Calculate the greatest common divisor of 562 and 9565802.
562
What is the highest common factor of 197 and 127459?
197
Calculate the highest common divisor of 638924 and 572.
572
What is the greatest common divisor of 572670 and 90?
90
What is the highest common factor of 379 and 1110?
1
Calculate the highest common factor of 5428 and 51681.
23
What is the highest common factor of 217265 and 190?
95
What is the highest common factor of 3901 and 329?
47
What is the greatest common divisor of 3622649 and 102?
17
What is the highest common divisor of 489219 and 6573?
939